*m, 3*b + 3*m + 4 = 10. Suppose -2*q + 0*q + b = 0. Suppose 2*r + q - 13 = 0. What is the units digit of r?
6
Let a(l) = 14*l**2 + 2*l + 13. What is the tens digit of a(-3)?
3
Let t = 35 - -4. What is the units digit of t?
9
Suppose 192 = 5*c - 18. What is the tens digit of c?
4
Suppose -2*h = -2*a + 4, -6*h - 8 = -4*a - h. Suppose 0*q = -a*q + 12. What is the units digit of q?
6
Let s = 79 - 36. What is the tens digit of s?
4
Let c be 7/28 + (-57)/4. Let b = c + 24. What is the tens digit of b?
1
Let l(p) = -p**2 + 4*p - 3. Let u be (3/(-9))/((-1)/9). Let h be l(u). Suppose 5*k + 1 - 6 = h. What is the units digit of k?
1
What is the units digit of (96 + -97)*(0 + 0 - 216)?
6
Suppose -4*p - 26 = -3*q - 2*q, -25 = -4*q - p. Let d be (12/(-10))/(q/(-15)). Suppose -d*c = -0*c - 21. What is the units digit of c?
7
Let q = -30 + 20. Let v = 24 + q. What is the units digit of v?
4
Suppose r - 5 = 2. What is the units digit of r?
7
Suppose 7 = -k - c, 0 = -c - 0*c - 4. Let n be (k*4)/(0 + 1). Let t = n - -17. What is the units digit of t?
5
Let x(v) = v**2 - v. Let d(z) = -6*z**2 + 17*z - 15. Let s(l) = -d(l) - 5*x(l). What is the units digit of s(11)?
4
Suppose 0 = a - 2*a. Let r(y) = -y**2 + 9*y - 3. Let t be r(8). Suppose o - t = -a*o. What is the units digit of o?
5
Suppose 0 = -7*q + 3*q - 4. Let d be (-1)/(q/(-2)*2). Let s = d + 5. What is the units digit of s?
4
Let g(q) = 2*q**3 + 2*q**2 + 1. What is the tens digit of g(2)?
2
Suppose w = 6*w - 145. Let g = 33 + -47. Let a = w + g. What is the tens digit of a?
1
Let l(u) = u**2 - 8*u - 1. Let n be l(8). What is the units digit of (-3 + n)*(-2)/4?
2
Suppose 28 = -j + 5*v, -3*j - 3*v = -5*j - 21. Suppose 0*h + 3*h - 3 = 0. What is the units digit of (2 + j)/(h/(-7))?
7
Let s(d) = 3*d**2 - d - 2. Let f be -1 - (3 - 1)/(-2). Suppose 0 = -4*v - 5*b + 18, 5*v - 6 = -f*b + 2*b. What is the units digit of s(v)?
8
Let m(l) = -l + 7. Let z be m(3). Suppose -20 = -z*d - d. Suppose 3*n - d*y - 14 = 0, -3*n + n + 8 = -2*y. What is the units digit of n?
2
Let c(d) = -18*d - 4. What is the units digit of c(-3)?
0
Let c(w) = w + 7. Let i be c(-7). Suppose -3*v - v = i. Suppose -d + 3 = -v. What is the units digit of d?
3
Suppose 0 = 4*b + 1 + 7. Let q be (b/(-4))/(3/6). Let d = 0 + q. What is the units digit of d?
1
Suppose 174*c = 171*c + 108. What is the tens digit of c?
3
Suppose -3*z = -1122 + 135. What is the units digit of z?
9
Suppose -4*c + 3*c + 3*u + 53 = 0, 3*c = 2*u + 194. Let x be c/(-6) - (-2)/(-3). What is the units digit of (4*1)/((-4)/x)?
2
Suppose -w - 3*g + 6*g + 39 = 0, -2*w + g = -63. Let a = w - 11. What is the units digit of a?
9
Let h be ((-16)/20)/((-2)/5). Suppose 0 = 3*w + 4*k - 15, -2*w - h*w = -3*k - 20. Suppose 4*g = g + 3*d + 57, -w*d = 5*g - 65. What is the tens digit of g?
1
Let a be 2*1/((-6)/15). Let y = 16 - a. Suppose -4*j = 3*n - 27, 3*j + 7*n - 4*n - y = 0. What is the units digit of j?
6
Let l(n) = n**3 - 5*n**2 + 6*n - 4. Let v be l(4). Suppose v*i - 16 = -0. Suppose 0 = h - i*h + 12. What is the units digit of h?
4
Let h be (26/4)/((-10)/20). Let o = h + 31. What is the tens digit of o?
1
Suppose -155 = -3*k - d, 3*d + 16 = 4. What is the units digit of k?
3
Let j = 1 + 1. Suppose 0 = o + o - 22. Suppose -m + o + 12 = -5*s, 0 = j*m + 2*s - 22. What is the tens digit of m?
1
Suppose -5*u = 3*y - 92, -5*y + 2*y = 4*u - 73. Let o = 32 - u. What is the tens digit of o?
1
Let l = -15 - -30. Suppose 5*d - l = 4*d. Suppose 0 = -2*u - 5*f + 10, -d = -3*u - 3*f + 4*f. What is the units digit of u?
5
Suppose 4*o + 28 = 3*h + h, 0 = -3*o - h - 13. Let b(m) = m - 8. Let t be b(6). Let p = t - o. What is the units digit of p?
3
Let u(t) = -t**2 + 6*t - 6. Let i be u(4). Suppose 2*f = -2*o, -o - 4*f + i*f = 2. What is the units digit of o?
2
Let v(s) = s**3 + 8*s**2 + 8*s + 3. What is the units digit of v(-6)?
7
Suppose -2*t = t - 48. What is the units digit of t?
6
Let x = -9 - -58. Suppose 4*b = 23 + x. Suppose 2*n - b = 4*q, -n - 3*q + 0*q - 6 = 0. What is the units digit of n?
3
Let r be (-388)/(-32) + (-2)/16. Suppose -5*i + 1 = 11, 3*n = -i + 7. What is the tens digit of r + (n - 0) - 0?
1
Suppose 4*v = 3*z - 25, 3*v - 4 + 19 = z. What is the units digit of z?
3
Let h(z) = -2*z - 1. Suppose 3*n - 11 = -n - i, 13 = 2*n + 3*i. Suppose 7 = -n*w - 7. What is the units digit of h(w)?
3
Let x be 0 + (4 - (3 + -1)). Suppose x*u - 7 = -67. What is the units digit of u/(-8) - 1/(-4)?
4
Let r(t) = t**2 - 4*t + 1. Let m be r(5). Suppose 2*h = m + 6. What is the units digit of h?
6
Suppose -7*w = 5*l - 2*w - 450, -3*l + 4*w + 298 = 0. What is the units digit of l?
4
Suppose 5*n - 2*n + 12 = 0. Let o = n - -8. What is the units digit of o?
4
Let n(v) = 1 - 4 + v + 1. Let i be n(6). Suppose -i*h + 52 = -0*h. What is the tens digit of h?
1
Let m(u) = 9*u**2 - u - 1. Let h be m(2). Suppose -g + 4*p = 0, 4*g - 2*p = 3*p + h. What is the units digit of g?
2
Suppose -4*c + 5*c = 81. Suppose -p = 2*p - 3*k - c, 0 = -3*p - k + 61. Let u = -12 + p. What is the units digit of u?
0
What is the tens digit of (-60 + -2)/((-26)/91)?
1
Suppose -8 = m - 5*m - j, 0 = -2*m - 3*j + 4. What is the units digit of (-63)/(-14) + 1/m?
5
Let j(k) = 2*k - 1. Let b be j(3). Suppose b*g = -0*g + 70. What is the units digit of g?
4
Let t(x) = 12*x + 2. Suppose 4*q + 2 = 6. What is the units digit of t(q)?
4
Suppose 3*g - 30 = -4*l - l, -5*l = 5*g - 40. Suppose -11 = 4*a + g*n, -n + 12 = 3*a - 4*n. Suppose -a - 13 = -2*y. What is the units digit of y?
7
Let n(f) be the first derivative of f**3/3 - f**2/2 + 4*f - 2. What is the units digit of n(0)?
4
Suppose 12*c - 10 = 7*c. Suppose -3*i - c*z = -92, 2*i + 5*z = -0*z + 43. What is the tens digit of i?
3
Let f be 0/((-4)/4) + 21. Let z = f - 10. What is the units digit of z?
1
Suppose u - h = -3, -3*u + 19 + 12 = 5*h. Suppose 5*v + 2 - 7 = 3*a, -2 = 3*a - u*v. Suppose a = -3*n + 6. What is the units digit of n?
2
Let g(v) = -v + 18. What is the units digit of g(0)?
8
Let w = 0 - -16. What is the units digit of 407/88 - (-6)/w?
5
Let f be 3/(4 - (-194)/(-50)). Suppose 0 = -r + 10 + f. What is the units digit of r?
5
Suppose g + 10 = -0*t - 4*t, -2*g + t = -7. Suppose -69 = -g*j - j. Suppose i + 22 = -5*y, 4*y = 3 - j. What is the units digit of i?
3
Suppose i = 5*q - 0*i - 46, 2*q = 3*i + 21. What is the units digit of q?
9
Let v = -4 + 8. Suppose -v*s + 3*j + 4 = 0, -s + 1 + 0 = 5*j. What is the units digit of s?
1
Suppose -31 = -g + 26. Suppose 73 = 5*u + 4*o, -3*u + g = -0*o - 2*o. What is the units digit of u?
7
Let a(f) = -11*f - 33. Let m(p) = 4*p + 11. Let d(o) = -3*a(o) - 8*m(o). What is the units digit of d(-8)?
3
Let h be (-1)/3 - 122/(-6). Let s be -1 + h + (-1 - -3). Suppose 0*n + 3*n = s. What is the units digit of n?
7
Let g(d) = d**2 + 7 + 3*d - 7*d - 2. Let t be 15/5*(-4)/(-3). What is the units digit of g(t)?
5
Suppose -2*d + 4 + 6 = 0. Suppose 10*b - 110 = d*b. What is the units digit of b?
2
Let l(f) = 3*f**2 - 1. Let u be l(1). Let n(y) = 8*y**3 + 3*y**2 - 3*y. Let i be n(2). Suppose 0 = u*t + 3*t - i. What is the units digit of t?
4
Suppose 30 = -3*y + 4*y. What is the units digit of y?
0
Let r(g) = -2*g - 2. Let z be r(-2). Suppose z*t + 3*u - 2*u = -19, 2*u - 17 = t. Let h = 19 + t. What is the units digit of h?
8
Let z be (4 - -1)/(-1 - -2). Suppose 3*i - 14 = -z. What is the units digit of i?
3
Suppose r = -4*o + 29, 7*o + 5*r = 6*o + 12. What is the units digit of o?
7
Suppose -2*p - 20 = -4*o, -5*p - 3 = o + 3. Let b be (-1)/1*p/2. Suppose 3*j = b + 11. What is the units digit of j?
4
Let b(y) = y**2 + 6*y - 2. Suppose -4*o - 30 = t, -3*o + 29 = -6*o - 4*t. What is the units digit of b(o)?
5
Let v(z) = 4*z**2 + 10*z + 32. What is the hundreds digit of v(-6)?
1
Let s(p) = -p - 6. Let b(n) = 3*n. Let g be b(-2). Let q be s(g). What is the units digit of q + (3 - 1) + 7?
9
Let b = 8 + -6. Suppose -7 = b*k + 3*z - 4, 2*z + 12 = 2*k. What is the units digit of k?
3
Suppose 5*a + 84 = -3*s, 1 = a + 5*s + 9. Let w = a + 25. What is the units digit of w?
7
Let z be 1/4 + 117/(-36). What is the tens digit of z*2/2 + 28?
2
Suppose -8 = -z - 3*z. Let n(p) be the second derivative of -p**4/12 + p**3/2 - p**2/2 - 2*p. What is the units digit of n(z)?
